on divisor of g and 62?
62
Let c be 61710/204 + 6/4. What is the greatest common divisor of 114 and c?
38
Let n(q) = 39*q**2 - 12*q + 1. Let u be n(1). Calculate the greatest common factor of u and 224.
28
Suppose -887 = 14*i - 3659. Suppose 106 = 5*k - 4. What is the greatest common factor of i and k?
22
Suppose -29*w + 32*w - 123 = -5*o, -w + o + 33 = 0. Suppose -4*y - 5 = -21. What is the greatest common divisor of w and y?
4
Suppose 262 = -y - 11. Let p = y + 485. What is the highest common divisor of 53 and p?
53
Let t(b) = 4*b**2 + 12*b - 2. Let y be t(-7). What is the highest common divisor of 10 and y?
10
Let y = 1 + 6. Suppose -44 = y*j - 737. Calculate the highest common factor of 9 and j.
9
Let s = -35 - -52. Let c(g) = -g + 1. Let x be c(-4). Suppose -13 = -x*j + s. What is the greatest common divisor of 2 and j?
2
Let d be (-24)/(1 + (-25)/10) + -3. What is the greatest common divisor of d and 351?
13
Let m(z) = 331*z + 69. Let h be m(2). Calculate the greatest common divisor of 17 and h.
17
Let w = -4 + -3. Let j be -1 + 2 + 31 + w. What is the highest common divisor of 100 and j?
25
Let c = 228 + -340. Let i = c - -232. Let y be (3/6)/(475/(-480) + 1). What is the highest common factor of i and y?
24
Let f(p) = -p**3 + 9*p**2 - 14*p + 6. Let i be f(7). Suppose g - i = -2, 4*b = 4*g + 40. What is the highest common factor of b and 154?
14
Let a be (-35420)/(-77) - (-2 - 4/(-2)). What is the greatest common divisor of a and 368?
92
Suppose 9*p - 4*p + 4*q - 350 = 0, 5*q + 239 = 4*p. Calculate the highest common factor of 55 and p.
11
Let s(h) = 51*h - 7. Let c be s(1). What is the highest common factor of 550 and c?
22
Let z = -15 + -22. Let u = z - -115. Let a = u + -50. Calculate the greatest common factor of 196 and a.
28
Let w be (1 + 2)*4/3. Suppose 72 = 4*r + 5*m, -3*r - w*m = r - 72. What is the greatest common divisor of 2 and r?
2
Let k = -376 + 406. Calculate the greatest common divisor of 195 and k.
15
Let a(t) = -t**2 + 10*t - 1. Let b be a(8). Suppose 2*w - 5*y = -8, 4*w - 6*y = -9*y + 36. What is the highest common factor of w and b?
3
Let p be ((-2)/(-3))/(6/(-360)*-8). Suppose 0 = 3*n - p*n + 18. Suppose -4*c + 72 = -0*c. What is the greatest common factor of n and c?
9
Let r be 343/(-14)*(-4)/7. Suppose 4*d + 3*t = 5*t + 22, 4*t = 2*d - 8. What is the highest common factor of r and d?
2
Suppose 3*o = 6*o - 6. Suppose -4*c - 280 = -2*d, -2 - o = 2*c. Suppose -2*x = -4*q + 4 + d, 5*x - 82 = -2*q. Calculate the highest common divisor of q and 9.
9
Suppose 4*n + 319 = 3*g, -2*g + 2*n = 3*n - 209. Let a = g + -27. Suppose -5*z = -2*l - 63, -54 = -5*z + l + 10. What is the greatest common divisor of a and z?
13
Let m(o) = -o**3 + 12*o**2 + 56*o - 21. Let y be m(15). What is the greatest common factor of y and 192?
48
Suppose 4*o - c - 9 = 7, -3*o + c + 12 = 0. Let f = o + 12. Let g = f + -13. What is the greatest common factor of g and 3?
3
Let i = 18 + 6. Let b be 1524/7 - 2 - 2/(-7). Calculate the highest common divisor of i and b.
24
Suppose 5*i = j - 77, -2*i - 41 = -31. What is the highest common divisor of 455 and j?
13
Suppose 5*p - 46 = -2*y, 4*y = -4*p + 19 + 13. Suppose -8 = 6*c - p*c. Let t be ((-3)/c)/1*-2. What is the highest common factor of t and 6?
3
Let u = -63 - -45. Let w be 1 - 9/(u/100). What is the greatest common factor of w and 17?
17
Suppose 0 = -13*k + 17*k - 2072. What is the greatest common divisor of k and 148?
74
Let g(l) = 41*l + 6. Let a be ((-8 - -2)/(-4 - -5))/(-1). Let s be g(a). What is the greatest common divisor of 36 and s?
36
Let g be (-1)/3 + 784/3. What is the highest common divisor of g and 29?
29
Let n(a) = -a**2 - 17*a + 12. Let z be n(-6). What is the highest common factor of 169 and z?
13
Let t(c) = -78*c + 369. Let k be t(4). What is the greatest common factor of 209 and k?
19
Let v = 56 - 51. Let u be ((-9)/v)/(6/(-40)). Calculate the greatest common factor of 108 and u.
12
Let t = -52 + 57. Suppose d + 4*i = 51, 2 = -t*d + i + 215. Calculate the greatest common divisor of 473 and d.
43
Let x = -422 - -479. What is the greatest common divisor of 247 and x?
19
Suppose w - 2 = -29. Let b be 30/((-6)/w + 0). What is the greatest common factor of b and 15?
15
Suppose -5*q + a = -1156, 4*a + 1115 = 5*q - 44. Suppose 3*v = 60 + 3. What is the highest common factor of q and v?
21
Suppose -14*r + 1481 = -521. Calculate the highest common factor of 52 and r.
13
Let t = -9 - 8. Let m = 25 + t. Suppose m*u + 150 = 13*u. What is the highest common factor of 210 and u?
30
Suppose r = 4*t - 744, 5*r - 930 = -2*t - 3*t. Let h = 351 - t. Let v be (-178)/(-12) - ((-3)/18 + 0). What is the highest common divisor of h and v?
15
Let h(q) = -10*q - 4. Let z(n) = 3*n + 22. Let o be z(-8). Let y be h(o). What is the highest common factor of y and 64?
16
Let c(z) = z**2 - 4*z - 7. Let a be c(12). Let d = a - 39. Calculate the greatest common factor of d and 10.
10
Let m = 476 - 467. What is the greatest common divisor of 441 and m?
9
Let x = -373 - -568. Calculate the highest common factor of 78 and x.
39
Let s be (-56)/((-1)/64 - 6 - -6). Calculate the highest common divisor of s and 14.
14
Suppose 1606 = 2*k + 4*i, 0 = -3*k - 11*i + 6*i + 2414. Calculate the greatest common factor of k and 3.
3
Let s(j) = -j**3 + 2*j - 3. Let r be s(3). Let k = r + 29. Suppose -o = k - 14. What is the greatest common factor of o and 3?
3
Let b(w) = 214*w**3 + 2*w**2 + 4*w + 3. Let c be b(-1). Let j = -94 - c. Calculate the greatest common factor of j and 17.
17
Let b = -32 - -111. Let n = b + -39. Suppose -4*y + 72 = -6*f + 2*f, -n = -2*y + 3*f. Calculate the greatest common factor of y and 112.
14
Let s(q) = -q + 10. Let a be s(9). Let n = 25 - a. Suppose 4*b = 2*b + m + 45, 63 = 3*b - 3*m. What is the highest common divisor of b and n?
24
Let p be (-3 + (5 - 7))*-13. What is the greatest common factor of 130 and p?
65
Let n be 51/34 + 18/4 + 2. Suppose 3*p - 57 = -9. What is the highest common divisor of n and p?
8
Suppose -196 = -5*g + z, -25*g - 220 = -30*g - 5*z. Calculate the greatest common factor of g and 16.
8
Let u = 3819 + -3815. Suppose -68 = 3*g + 46. Let m = g - -54. What is the greatest common factor of u and m?
4
Suppose 0 = -0*o - 11*o + 264. Calculate the highest common factor of o and 16.
8
Suppose -3*t + 97 = -50. Calculate the greatest common factor of 1813 and t.
49
Let w = 27 - 26. Suppose -v - 46 = w. Let o = -26 - v. What is the highest common divisor of o and 14?
7
Let a be 8 + (1 - 4) - (-1 + -29). Calculate the highest common factor of 55 and a.
5
Suppose 0 = -4*f + 27 + 505. Let i(g) = 76*g**2 - g + 1. Let x be i(1). Suppose -4*r + 0*r = -x. Calculate the highest common divisor of f and r.
19
Let y = 105 + -28. Let q be 0 + (-4)/(-10) + (-154)/35. Let h be (22/q)/((-3)/6). Calculate the highest common divisor of h and y.
11
Let r(k) = k**3 - 11*k**2 - 4*k + 104. Let y be r(11). Calculate the highest common divisor of 80 and y.
20
Let o be (18/(-2) - -9) + (-28)/(-2). Calculate the greatest common divisor of o and 7.
7
Suppose -3*m = -21*q + 22*q - 601, 3*m = -4*q + 2449. Calculate the highest common factor of q and 66.
22
Suppose -5*c = -2*v + 23, -3*v - 2*v = 4*c + 25. Let j be v/(0 - (-2)/(-56)). Let g be 1/(-4) + (-29)/(-4). What is the highest common divisor of j and g?
7
Suppose j = 1, -q + 16 = 3*q + 4*j. Suppose 130 = q*z - 2*v, v = z + 6*v - 15. Calculate the greatest common factor of 100 and z.
20
Suppose n + 1 = 0, 2*r - 14 = 5*n - 7. Calculate the highest common factor of r and 17.
1
Suppose -4*d + 10 = d, -4*d = 5*y - 48. What is the highest common divisor of y and 40?
8
Let i(r) = r**2 - r + 2. Let s be i(3). Let a be 3 + -2 + (-18 - -12) + 69. Calculate the highest common factor of a and s.
8
Suppose 10*t - 14*t = -112. Calculate the highest common divisor of 126 and t.
14
Let f(h) = 21*h - 17. Let x be f(12). Suppose b + 3*v = 30, 10*b = 5*b + 2*v + x. What is the highest common factor of b and 9?
9
Suppose 0 = -41*g + 48*g - 322. What is the highest common factor of g and 2?
2
Let k(j) = j**2 + 4*j - 37. Let i be k(8). Let o = 67 - i. Calculate the highest common factor of 16 and o.
8
Suppose 1292 = -7*p + 26*p. Calculate the highest common divisor of 119 and p